se 10?
1780604
Convert 13aee (base 15) to base 11.
43557
Convert 16200a5 (base 12) to base 10.
4520573
What is 14b3a (base 13) in base 8?
114531
Convert 233 (base 15) to base 11.
413
What is -342503520 (base 6) in base 15?
-8442b9
What is 27a2303 (base 12) in base 10?
7925043
Convert -96381 (base 10) to base 3.
-11220012200
Convert -43504114 (base 6) to base 12.
-52803a
Convert 1820c (base 14) to base 2.
1110110101100100
-110023110 (base 5) to base 6
-14025445
What is -162483 (base 11) in base 13?
-8a9bc
What is -1545301 (base 7) in base 12?
-a3427
What is 312cc4a (base 13) in base 16?
e3ecd0
Convert -12402860 (base 9) to base 6.
-334223343
Convert -1323241232 (base 5) to base 9.
-6245532
Convert 381d03 (base 14) to base 9.
3555085
833701 (base 11) to base 16
146754
2db16 (base 16) to base 12
90386
Convert -2505623 (base 8) to base 13.
-1b273b
What is -4421044 (base 5) in base 15?
-17984
2201123222 (base 4) to base 11
411875
53a25 (base 11) to base 4
103021203
What is 2a4e8e (base 15) in base 11?
1175028
What is -5a96 (base 12) in base 13?
-4842
What is 115543311 (base 6) in base 3?
11012200111021
What is 502021203 (base 6) in base 13?
19b53ca
What is -4544203 (base 6) in base 14?
-605ab
Convert -1223300121 (base 5) to base 6.
-143055035
Convert 7c2351 (base 13) to base 6.
143054210
What is abb4c (base 14) in base 15?
83663
What is 1579e67 (base 15) in base 9?
32268507
What is -bcce50 (base 16) in base 9?
-25248326
5b154 (base 15) to base 10
290554
What is 192005 (base 13) in base 10?
632741
43ecb4 (base 16) to base 4
100332302310
What is 36297b (base 14) in base 4?
13003333001
91936 (base 11) to base 15
29b88
Convert 3222310 (base 5) to base 16.
d5b1
What is -113234443 (base 6) in base 3?
-10222201002100
Convert -294526 (base 15) to base 12.
-7bb090
5635 (base 15) to base 4
10131203
What is 23233123 (base 5) in base 9?
352311
What is -1152791 (base 10) in base 11?
-718122
-4423ab (base 14) to base 16
-234413
What is -3641404 (base 8) in base 6?
-33234312
-120221221012 (base 3) to base 7
-2445614
-13312033221 (base 4) to base 16
-1f63e9
What is -353092 (base 10) in base 2?
-1010110001101000100
Convert 1887d (base 16) to base 3.
12002211101
b3422 (base 13) to base 15
653b1
Convert a8716b (base 13) to base 6.
220451411
Convert 3564252 (base 7) to base 6.
13412423
What is -1010111111010000100 (base 2) in base 13?
-c7b77
-18065 (base 12) to base 11
-24029
871775 (base 9) to base 16
7ee03
1221301333 (base 4) to base 13
1222a2
Convert 2903a (base 16) to base 5.
20333434
1cc15 (base 13) to base 15
11d31
Convert 192062 (base 11) to base 8.
1101176
Convert 16235a3 (base 11) to base 16.
2a4b94
Convert 3605661 (base 7) to base 3.
212011022000
Convert -62ca0 (base 14) to base 12.
-b6010
Convert -4350124 (base 8) to base 16.
-11d054
Convert 103115212 (base 6) to base 14.
358bb2
Convert 1100222022000 (base 3) to base 8.
2615316
-222033133 (base 4) to base 13
-609a6
What is 12443040 (base 5) in base 12?
60256
-1814427 (base 9) to base 10
-1013659
What is -2544335 (base 6) in base 12?
-680ab
Convert 10222210122 (base 4) to base 7.
13252263
What is -10120022221102 (base 3) in base 2?
-111001110111010010110
1257ca9 (base 15) to base 4
302103331320
What is -f0d45 (base 16) in base 15?
-147427
What is 10100000101001000110011 (base 2) in base 15?
6dea33
18465b (base 16) to base 8
6043133
What is 60446 (base 13) in base 12?
83718
1043102444 (base 5) to base 7
25454120
Convert 512427 (base 8) to base 5.
20403424
What is -131330110 (base 4) in base 15?
-26514
What is -10011011011111111011 (base 2) in base 15?
-c8ab8
10dbd03 (base 14) to base 9
16146481
What is 101223302102 (base 4) in base 7?
54255302
What is -376887 (base 14) in base 3?
-10120120001012
Convert -3203e (base 15) to base 7.
-1230431
What is -a3cb80 (base 13) in base 9?
-7172515
What is 2112221010100 (base 3) in base 8?
5131727
-1155b2b (base 12) to base 6
-155435255
Convert -15cac (base 15) to base 2.
-10001001011011010
-3a5410 (base 15) to base 4
-22230013311
-1215614 (base 8) to base 14
-89db6
Convert 1662cc (base 13) to base 11.
34aaa0
Convert -6b408a (base 13) to base 16.
-26ec2f
What is -5097ad (base 14) in base 9?
-5087665
What is 55ca (base 16) in base 5?
1200322
21021112010 (base 3) to base 5
14041030
-655ef6 (base 16) to base 15
-8b3666
Convert 18663 (base 12) to base 6.
432203
6e176 (base 15) to base 13
c3bbb
-1013222223 (base 4) to base 6
-10143003
What is 197288 (base 16) in base 3?
10010201200102
Convert -232244012 (base 5) to base 6.
-34345300
366107 (base 9) to base 4
311330233
Convert -10001001011010101000 (base 2) to base 11.
-354978
Convert 106866a (base 13) to base 5.
2241014403
What is 10332211231 (base 4) in base 3?
2110022001011
What is -1d3e4 (base 15) in base 14?
-26a97
What is 14df4 (base 16) in base 9?
140241
Convert 101110010110101111011111 (base 2) to base 5.
11102324100
What is 1433a2 (base 14) in base 11?
439293
Convert -177826 (base 9) to base 12.
-54113
310511 (base 9) to base 8
547473
241b0 (base 13) to base 8
201256
What is -929fb (base 16) in base 15?
-bce31
What is 6114442 (base 7) in base 15?
e54ba
Convert -26420665 (base 8) to base 13.
-12ba7b7
What is -1032041112 (base 5) in base 2?
-1000011110010101011111
341818 (base 9) to base 13
72299
Convert 9b9ad (base 15) to base 8.
1706532
Convert -b00bb (base 13) to base 8.
-1145725
-4857274 (base 9) to base 16
-283a05
-1d442b (base 14) to base 6
-34252343
-1063404 (base 9) to base 4
-2023332022
-112a305 (base 11) to base 5
-1001204242
Convert 1343432 (base 6) to base 15.
177a5
What is 2515110 (base 7) in base 13?
b4330
What is 68c24 (base 16) in base 8?
1506044
What is -57bab9 (base 12) in base 16?
-15836d
431043 (base 5) to base 7
60225
What is -278e3b (base 16) in base 13?
-6c9c1b
Convert -28504b (base 15) to base 10.
-1940696
What is 2a3a57 (base 16) in base 2?
1010100011101001010111
What is cdd2b (base 16) in base 3?
1120211110010
What is -9ab86b (base 12) in base 16?
-25a513
What is -75526 (base 9) in base 12?
-24b29
-ba077 (base 13) to base 6
-11112355
Convert 23203424 (base 5) to base 3.
101122212202
2778b8 (base 12) to base 15
ce66e
1043120 (base 5) to base 7
105016
What is -30024421 (base 5) in base 9?
-400044
Convert -316125 (base 7) to base 9.
-83333
What is 21528021 (base 9) in base 14?
1550457
Convert -705 (base 9) to base 5.
-4242
Convert -201945 (base 10) to base 7.
-1500522
What is -12450 (base 6) in base 13?
-b34
What is -120111011022 (base 3) in base 14?
-7d142
What is 1100320210 (base 4) in base 15?
6826a
Convert 120220022020 (base 3) to base 4.
1030122003
What is d54147 (base 14) in base 8?
33344623
-1224d5 (base 16) to base 9
-2212086
What is 1110111011011010010 (base 2) in base 15?
99e15
-1a1d811 (base 14) to base 2
-110001100001110010010111
Convert 36a135a (base 12) to base 14.
15b706a
Convert -522b21 (base 14) to base 3.
-12012220200212
Convert 246a7 (base 11) to base 8.
105171
2221220221201 (base 3) to base 8
6000433
What is 1230553553 (base 6) in base 11?
80a3060
Convert -ccac36 (base 13) to base 8.
-22312423
What is 1100260 (base 8) in base 14?
7977a
-1620505 (base 7) to base 8
-664467
What is 17c426 (base 16) in base 11?
974228
205271 (base 11) to base 9
551361
What is 112cd (base 16) in base 8?
211315
Convert -44d88 (base 15) to base 16.
-357ad
-2200300111 (base 4) to base 10
-658453
What is -12220022112020 (base 3) in base 11?
-1851a8a
-120120334 (base 5) to base 11
-347262
Convert 5167755 (base 8) to base 6.
45224301
-2541121 (base 8) to base 14
-144d69
11000101010110100 (base 2) to base 15
1ee14
What is -52a1179 (base 12) in base 5?
-13000340114
What is -1102313 (base 7) in base 3?
-20212121002
13042221 (base 5) to base 16
1f343
What is -43b88 (base 13) in base 8?
-357666
-2100113 (base 5) to base 12
-17ab4
-110110100010000111011 (base 2) to base 4
-12310100323
-1092097 (base 10) to base 9
-2044061
Convert -2fb19c (base 16) to base 6.
-150554352
2417252 (base 8) to base 7
5431362
Convert 101101000101001 (base 2) to base 7.
124202
Convert 98392 (base 10) to base 15.
1e247
-23103002310 (base 4) to base 6
-143251020
What is 6763888 (base 11) in base 4?
231030332122
What is 713654 (base 9) in base 5?
102011001
-672a5 (base 11) to base 16
-17cf0
What is 2b2974 (base 13) in base 8?
4033557
